hat is the units digit of d?
3
Let y = -118 - -120. What is the tens digit of y/(4/1142) - (5 + 0)?
6
Suppose -3*k - 1043*t = -1041*t - 197052, -65706 = -k + 3*t. What is the hundreds digit of k?
6
Suppose 92 = -11*z + 7*z. Let m = z - 29. What is the units digit of ((-1287)/m)/(10/8 - 1)?
9
Let o(m) = -m**3 + 15*m**2 - 13*m - 3. Let j be o(14). Let h(z) = j*z - 2*z**2 + 0*z**2 + 4*z**2 + 29 - z**2. What is the units digit of h(-13)?
5
Suppose -345 = i + 2*n - 1479, -i = -3*n - 1124. Let g = i + -559. What is the tens digit of g?
7
Let u = 434 + -429. What is the hundreds digit of 42*(56 + -1)/u?
4
Suppose 20*v = 48 + 12. Suppose v*a = u + 979, -59 + 380 = a + 5*u. What is the units digit of a?
6
Suppose -46*t - 123679 = -443011. What is the tens digit of t?
4
Suppose -5*g + 155 = -d - 4*d, -3*d + 81 = 3*g. Suppose 5*b - g = 6. What is the units digit of b?
7
Suppose 2*s + 2*s = -16. What is the tens digit of (-30)/(2 - s) - -106?
0
Let m(t) = 162*t**3 - 2*t**2 + 37*t - 178. What is the ten thousands digit of m(7)?
5
Let q(i) be the third derivative of i**6/60 + i**5/10 - 7*i**4/12 + i**3/6 + 35*i**2. What is the units digit of q(5)?
1
Let b = -3751 + 17670. What is the thousands digit of b?
3
Suppose 2*i = -4*j + 28238, -30*j - 2*i - 28250 = -34*j. What is the thousands digit of j?
7
Let j = -134 - -144. Suppose -1405 = j*p - 15*p. What is the units digit of p?
1
Suppose -3*z + 8828 = -10*w + 11*w, 0 = -5*z + 20. What is the units digit of w?
6
What is the tens digit of 1846/(-34151) - (-322644)/74?
6
Let c be 300900/90 + (-2)/(-3). Let w(p) = -p + 11. Let z be w(10). What is the units digit of -1*z + c/19?
5
Let r(z) = 2*z**3 - 20*z**2 - 160*z - 27. What is the hundreds digit of r(19)?
4
Let n(p) = p**3 - 30*p**2 - 2*p + 77. Let v be n(30). Suppose -3*w - 3*k + 2736 = 0, -13*w + v*w = -2*k + 3648. What is the units digit of w?
2
Let r be 2 + -1 + -8 + 1 + 0. Let n be (-50)/r + 12/(-9). Suppose 5*u - 30 = 5*i, 4*u - i = n*u - 2. What is the units digit of u?
2
Let t(a) = 2*a - 2*a + 3*a**2 - 3*a - 5*a**2 + 1013. What is the hundreds digit of t(0)?
0
Suppose 343*o - 28614867 = -8896483. What is the units digit of o?
8
Let k be (-4)/10 + (-11)/((-330)/73812). Let g = -1257 + k. What is the thousands digit of g?
1
Let r(x) = -20660*x - 4061. What is the ten thousands digit of r(-3)?
5
Suppose 2 = 3*q - 10. Suppose 0 = k - q*m + 1486, -3*k + 0*k + 4*m = 4482. What is the units digit of (0 - 1)/(14/k)?
7
Let m(f) = -f**3 + 20*f**2 + 14*f - 138. What is the thousands digit of m(16)?
1
Suppose 3951 = -7000*h + 7009*h. What is the units digit of h?
9
Let w(m) = m**2 + 2*m. Let q = -43 - -18. Let o = 28 + q. What is the units digit of w(o)?
5
Let v = 17 + 4. Let p be ((-798)/(-28))/(1 + 1/(-2)). Let q = p - v. What is the units digit of q?
6
Let k = -19795 + 28466. What is the thousands digit of k?
8
Let h be (2 - -4)/(20/(-8) + 4). Suppose -h*x = u - 149, u - 155 = -0*x + 2*x. Suppose -5*s + 4*s + u = 0. What is the hundreds digit of s?
1
Let n be (14/(-2) - -5) + 11. Let w(z) = 23*z + 1. What is the hundreds digit of w(n)?
2
Let s(c) = c - 8. Let u be s(8). Suppose 4*z - d - 15 = u, -3*z - 4*d + 11 = -24. Suppose 0*t = z*t - 30. What is the units digit of t?
6
Suppose 8600 = y + 71*j - 76*j, 3*j + 43022 = 5*y. What is the hundreds digit of y?
6
Let a be 20/(9 - 4)*(-5)/(-4). Suppose a*l - 3*b = -12, -4*b - 3 = -19. Suppose l = -4*v - v + 280. What is the units digit of v?
6
Suppose 3*u + k = -0*u + 79475, 2*k = 10. What is the thousands digit of u?
6
Let j be 22/6 - ((-48)/(-9))/(-4). Let g(s) = 5*s**2 + 10*s - 5. Let a be g(j). Suppose -4*l = z - a, z - 5*l + 4*l = 155. What is the hundreds digit of z?
1
Let t be ((-2313)/15)/(6/(-30)). Suppose 3495 = 3*o + t. What is the units digit of o?
8
Suppose -12*r + 63 = -3*r. Suppose -2 + 2 = r*f. Suppose f = 5*s + 3*j - 422, 2*s + 5*j = -90 + 255. What is the units digit of s?
5
Let u(d) be the second derivative of -205*d**3/6 - 3*d**2/2 + 9*d. Let h be u(-4). Suppose -695 - h = -12*y. What is the units digit of y?
6
Let n(c) be the first derivative of -20 + 1/2*c**2 + 15*c. What is the tens digit of n(23)?
3
What is the ten thousands digit of ((-2 - 16/(-6)) + 246768/(-9))/(-1)?
2
Let k be -2 + (-154)/(-6) - (-9)/27. Let b be k/10*95/2. Let w = b + -47. What is the tens digit of w?
6
Let a(p) be the first derivative of p**2/2 + 33*p + 24. Let j be a(23). Suppose -23*y = -24*y + j. What is the units digit of y?
6
Let i = 9772 + 2209. What is the thousands digit of i?
1
Suppose 2*n - 26 + 22 = 0, -5*n - 12835 = -5*j. Let z = j + -1361. What is the units digit of z?
8
Let u be 80/(-35) - -4 - (-4)/14. Suppose -60 = -u*f - 4*f. What is the tens digit of ((-1330)/f)/(0 + -1)?
3
Let y = 1784 - 1049. Let v = 1112 - y. What is the tens digit of v?
7
Let f(q) = -4719*q + 1780. What is the units digit of f(-8)?
2
Let i = -44880 + 77281. What is the tens digit of i?
0
Suppose -35*h = -38*h - 1674. Let i = -200 - h. What is the tens digit of i?
5
Suppose -d - 5*g - 10 = -2*g, 5*g + 22 = d. Let j(y) = d*y + 8*y**2 - y**3 + 2*y**3 - 7 + 0. What is the units digit of j(-7)?
8
Let s = 22 + -15. Suppose -s*a + 20 = -2*a. Suppose 0 = 5*o - a*f - 13, -2*f - 5 = -2*o - 1. What is the units digit of o?
5
Let f = -521 + 375. Let t = f + 949. What is the hundreds digit of t?
8
Let c be -1 - (-305)/35 - (-2)/7. Suppose c*v = v. Let u(h) = -h**2 - 4*h + 41. What is the tens digit of u(v)?
4
Let c = 79 + -65. Suppose -9301 = -c*v + 247. What is the tens digit of v?
8
Suppose -g + 50 - 45 = 0. Suppose g*c = 11*c - 2196. What is the units digit of c?
6
Let t(s) = 2*s**3 + 8*s**2 + 8*s - 36. What is the hundreds digit of t(6)?
7
Let j = 705 + -385. Suppose 0 = -2*d + u + j, -4*u = -5*d + 826 - 23. What is the hundreds digit of d?
1
Let u(w) be the first derivative of w**3/3 - 3*w**2/2 - 107. What is the tens digit of u(17)?
3
Let q = -159 + 176. Suppose -q*g + 2227 = -0*g. What is the units digit of g?
1
Let d(w) = -w**2 + 3. Let z be d(-3). Let a be z/21 + (-183)/21 + -5. What is the tens digit of 774/4 + (-7)/a?
9
Let x(z) = 134*z - 2214. What is the thousands digit of x(37)?
2
Suppose 166193 = 14*n - 8905. What is the ten thousands digit of n?
1
Let o(w) = 223*w - 6. Let t be o(-6). Let s = -918 - t. Suppose 5*m - s = g, 2*g - 253 = -0*m - 3*m. What is the tens digit of m?
8
What is the units digit of 5 + (-48)/8 - -5817?
6
Suppose 18*z - 24*z = -18. What is the tens digit of z/12 - 2/((-8)/1199)?
0
Suppose -c + 0*c + 5 = -2*j, 5*c - 13 = -2*j. Suppose -3*w = c*w - 2628. Suppose -3*t + w = 3*u - 0*t, -4*u = 3*t - 588. What is the hundreds digit of u?
1
Suppose 0 = 2*x + 1202 - 5908. What is the hundreds digit of x?
3
Let p(k) = -k**2 + 2*k + 10. Let d be p(-8). Let s = 391 + d. What is the tens digit of s?
2
Let i be (-5)/(-1*(0 - -1)). Suppose -2*t - 25 - 5 = -i*a, 2*a + 26 = -3*t. Let r = 52 + t. What is the tens digit of r?
4
Let a(k) = k**3 + 6*k**2 - 17*k + 7. Suppose 10 = 3*o - 4*b - 2, -4*o - 3*b = -16. What is the units digit of a(o)?
9
Let h(r) = 7*r**2 + r - 1. Let o be h(1). Suppose -o*y + 51 = -8*y. Let x = y + 137. What is the tens digit of x?
8
Suppose 901 - 909 = -2*x. Suppose x*q - 276 = -2*q. What is the tens digit of q?
4
Suppose -5*n + r = -4653 + 1048, 5*n = -3*r + 3585. Suppose -105 = 3*f - n. What is the tens digit of f?
0
Let i = -1768 - -19524. What is the hundreds digit of i?
7
Let c = 28733 + -20115. What is the tens digit of c?
1
Let p(d) = 9*d - 6. Let h be p(4). Suppose 34*f + 1104 = h*f. Let j = 402 + f. What is the tens digit of j?
2
Let m(u) = 3*u**2 - 4*u + 1. Let d be m(3). Let a(h) = -7*h - 46. Let c be a(-7). What is the tens digit of d/((-4 + 7)/c)?
1
Let n(u) = -u**3 - 8*u**2 + 8*u - 10. Let c be n(-9). Let f be -3 - -2 - (2/(-1) + c). Suppose f*a - 19 = 125. What is the units digit of a?
2
Let f(u) = -2*u**2 + 49*u + 1. Suppose 3*j + 6*s = 4*s + 61, -j - 8 = -5*s. What is the tens digit of f(j)?
5
Let q(o) = 2*o**2 + 45*o + 611. What is the hundreds digit of q(-29)?
9
Suppose 7*z - 3*g = 3*z + 20, 3*z - 2*g - 15 = 0. Suppose 0 = z*l + 3*w - 46 - 603, 5*w = -5*l + 645. What is the tens digit of l?
3
Suppose 35 = 5*f - 5*n, 0 = 3*f + 4*n - 1 - 13. Suppose -f*s = -3*s - 837. What is the un